 is 3001 - 13?
2322
In base 2, what is -101 + 111010010100110000?
111010010100101011
In base 11, what is -6a396 + -2?
-6a398
In base 4, what is 1312321 - -10322?
1323303
In base 16, what is -21b1 + -20?
-21d1
In base 2, what is -11 + -10011000010111001?
-10011000010111100
In base 3, what is 21021000101 - 0?
21021000101
In base 15, what is 1ec4 - 11?
1eb3
In base 11, what is -182a1 + 0?
-182a1
In base 8, what is 15 - -7400?
7415
In base 10, what is 1 - 54313?
-54312
In base 11, what is 34a83 + 5?
34a88
In base 7, what is 3 + 64515?
64521
In base 4, what is -2 + -1103303?
-1103311
In base 8, what is -4317440 - 1?
-4317441
In base 9, what is -3 - -7061?
7057
In base 13, what is -384a0 - 1?
-384a1
In base 4, what is 0 + -1012130202?
-1012130202
In base 13, what is 1c955 + b?
1c963
In base 12, what is 5756 - -1?
5757
In base 11, what is -1 - 3a03?
-3a04
In base 3, what is 2002 + -210110?
-201101
In base 13, what is -4 - 2c355?
-2c359
In base 4, what is -22112011 + -33?
-22112110
In base 5, what is -34 - -21430?
21341
In base 7, what is -12343052 - 5?
-12343060
In base 4, what is 10 - -11013113?
11013123
In base 13, what is 7 - -178a?
1794
In base 11, what is -4a4 - -44?
-460
In base 4, what is 1210 - 120203?
-112333
In base 2, what is -11101100 + -100101011110?
-101001001010
In base 10, what is 2 - 3326?
-3324
In base 13, what is -111a + -50?
-116a
In base 8, what is 775 + -7?
766
In base 11, what is 24 + -43570?
-43547
In base 8, what is -21001 - 3?
-21004
In base 11, what is -aa + -3a2?
-4a1
In base 16, what is -c - -160d?
1601
In base 6, what is 225121 - 2?
225115
In base 16, what is 8b8bd - -4?
8b8c1
In base 5, what is 21312 + -4?
21303
In base 2, what is 11110001 - -11001001001?
11100111010
In base 15, what is -3 + -6785?
-6788
In base 13, what is -33 + -57?
-8a
In base 3, what is 2121 + 2102111?
2112002
In base 11, what is 27 + -2635?
-2609
In base 3, what is 1220100211 + 10?
1220100221
In base 16, what is -235a5d - -5?
-235a58
In base 15, what is 2d5d - -22a?
3088
In base 15, what is -2500 - 1a?
-251a
In base 8, what is -236563 + -11?
-236574
In base 4, what is 10 + 113102212?
113102222
In base 10, what is -109 - 24408?
-24517
In base 5, what is 1144203 + 2?
1144210
In base 10, what is 45 - -13391?
13436
In base 10, what is -3 - 104430?
-104433
In base 13, what is 11b61 - -4?
11b65
In base 5, what is -10 - -231020213?
231020203
In base 16, what is -5 + 3389?
3384
In base 6, what is 205 + 141502?
142111
In base 14, what is -53 + -102?
-155
In base 15, what is 27 + -4362?
-433a
In base 11, what is 1 + -299276?
-299275
In base 2, what is 11001100101101100 + 0?
11001100101101100
In base 13, what is -2058 - -135?
-1c23
In base 16, what is 3 - -1f71c?
1f71f
In base 9, what is 10504 - 6?
10487
In base 16, what is 2 + -2882c?
-2882a
In base 12, what is 10ba + -1?
10b9
In base 15, what is a347 - -1?
a348
In base 8, what is -17 - 11766?
-12005
In base 7, what is 4 + -442266?
-442262
In base 15, what is -47e + 132?
-34c
In base 4, what is -11 - -331302?
331231
In base 5, what is 202224 + 21?
202300
In base 15, what is -151 - -17b?
2a
In base 4, what is -13232 + -101?
-13333
In base 7, what is 20 + 1024?
1044
In base 10, what is 1073008 + 0?
1073008
In base 12, what is -146 - -108?
-3a
In base 14, what is 0 + -2775?
-2775
In base 7, what is 1 + 24243?
24244
In base 7, what is -363444 - 5?
-363452
In base 7, what is 5 - -10450?
10455
In base 5, what is -13 - -321203?
321140
In base 9, what is -2160 - 13?
-2173
In base 5, what is -3001214 + -2?
-3001221
In base 4, what is 31013 - 1000?
30013
In base 11, what is -5 + -41476?
-41480
In base 15, what is 8 - -2e32e?
2e337
In base 12, what is 2bb - -79?
378
In base 3, what is 0 - 220100220?
-220100220
In base 2, what is 11 + -111101?
-111010
In base 7, what is 130 + 2431?
2561
In base 16, what is 2708e3 - -5?
2708e8
In base 14, what is 5 - -59880?
59885
In base 3, what is -2 + 212210221021?
212210221012
In base 2, what is -1101001010110010101 - -101?
-1101001010110010000
In base 12, what is 127 - 357?
-230
In base 16, what is 11 - -c67c?
c68d
In base 16, what is -d12e + -8?
-d136
In base 9, what is 2452 + 46?
2508
In base 10, what is -35185 - 0?
-35185
In base 9, what is 576333 - 1?
576332
In base 13, what is 23a + -2?
238
In base 14, what is -8a - 1171?
-121b
In base 6, what is -343501 + -5?
-343510
In base 15, what is -1d5 - -14d?
-87
In base 2, what is 1100 - 1001100100011000?
-1001100100001100
In base 4, what is -223213 - 12?
-223231
In base 14, what is 1 + 146323?
146324
In base 15, what is 3cd0 + 4?
3cd4
In base 11, what is 1057 + 34?
1090
In base 2, what is -1000000100 - 10110110?
-1010111010
In base 14, what is -c57 + -226?
-107d
In base 10, what is -24 - 239?
-263
In base 8, what is -100 + -131?
-231
In base 8, what is -5502256 + 3?
-5502253
In base 2, what is 1001100011 - 10000101?
111011110
In base 9, what is 2 + 1444517?
1444520
In base 11, what is 6 + 31371?
31377
In base 11, what is -1 - 4004?
-4005
In base 16, what is -8 + 915c?
9154
In base 13, what is 25 + 124c1?
12516
In base 12, what is 1b + 6a8?
707
In base 5, what is -1210222133 + 1?
-1210222132
In base 11, what is -5 + 4101?
40a7
In base 14, what is 51 + -da8?
-d57
In base 13, what is 1 - 10b?
-10a
In base 11, what is 3747 + -15?
3732
In base 15, what is ee2ac - -4?
ee2b1
In base 14, what is -138 - -92?
-86
In base 11, what is -9379 - 132?
-9500
In base 11, what is 16455 - -4?
16459
In base 16, what is -287e4d + -5?
-287e52
In base 11, what is 3 + 5506?
5509
In base 4, what is -313130102 + -11?
-313130113
In base 12, what is 30b - -a024?
a333
In base 11, what is -671 + -12?
-683
In base 4, what is 230 + -1011000?
-1010110
In base 9, what is -36 - -878?
842
In base 9, what is 15 - -1234?
1250
In base 15, what is 4 + 3ae06?
3ae0a
In base 4, what is -10122012222 - 0?
-10122012222
In base 5, what is -1334 - -3104?
1220
In base 9, what is 22 - 1732?
-1710
In base 13, what is 14730 + -3?
1472a
In base 15, what is -3 + -15952?
-15955
In base 8, what is -11611344 - -2?
-11611342
In base 10, what is 5 + 146664?
146669
In base 2, what is 1000 - -10001100101000?
10001100110000
In base 6, what is -4133543 - 2?
-4133545
In base 7, what is 1064 - 5440?
-4343
In base 16, what is 5 + 3af18?
3af1d
In base 10, what is 112 + 1876?
1988
In base 7, what is -10356 + -2?
-10361
In base 10, what is 12026 - 1?
12025
In base 13, what is 6 - -2ac36?
2ac3c
In base 4, what is 122233232330 - 2?
122233232322
In base 8, what is -42227 + -4?
-42233
In base 11, what is 1686 - -5?
1690
In base 9, what is 187528 + 0?
187528
In base 6, what is 3425 + -1210?
2215
In base 2, what is -10110101010 - -10110?
-10110010100
In base 9, what is 366 - -2628?
3105
In base 4, what is -20322231130 + -3?
-20322231133
In base 9, what is 251404 + 11?
251415
In base 6, what is -11525234 + -12?
-11525250
In base 11, what is 4 + -5158?
-5154
In base 2, what is 1000101101111010 - -100?
1000101101111110
In base 9, what is -2752 - -52?
-2700
In base 5, what is 2 - 323331?
-323324
In base 10, what is 675895 + -3?
675892
In base 13, what is -3 + a353?
a350
In base 8, what is 10 - 551247?
-551237
In base 3, what is 1 - 220222201?
-220222200
In base 6, what is 5 + 455530?
455535
In base 13, what is -27 - 843?
-86a
In base 11, what is -aa2 + 4?
-a99
In base 11, what is 20379 - 4?
20375
In base 13, what is c09c - -4?
c0a3
In base 8, what is 12451 - 6?
12443
In base 4, what is 30322 - -213?
31201
In base 8, what is -4 + 63335?
63331
In base 15, what is 1c + -3d9c2?
-3d9a5
In base 3, what is -1211112200 + -10?
-1211112210
In base 2, what is 1101 - -101010010000111111?
101010010001001100
In base 15, what is 3 + 11715?
11718
In base 5, what is 1400120 - 13?
1400102
In base 13, what is 4 - -1114b?
11152
In base 6, what is -50 + 2251?
2201
In base 10, what is 3945 + -230?
3715
In base 7, what is -231231 + -6?
-231240
In base 12, what is 2 - 11162?
-11160
In base 9, what is -687542 + -5?
-687547
In base 15, what is 10dd2 - 4?
10dcd
In base 13, what is 4b44c + -2?
4b44a
In base 2, what is 1100 - -11111111?
100001011
In base 16, what is 18 + 3d56?
3d6e
In base 5, what is -11 - 34021?
-34032
In base 3, what is -1 + -121001111?
-121001112
In base 15, what is 60c - 118?
4e4
In base 5, what is 14114 + -142?
134